{"id":1108,"date":"2026-03-01T20:44:20","date_gmt":"2026-03-01T19:44:20","guid":{"rendered":"https:\/\/www.collectivememoryis.com\/?page_id=1108"},"modified":"2026-03-01T20:52:40","modified_gmt":"2026-03-01T19:52:40","slug":"so-they-said","status":"publish","type":"page","link":"https:\/\/www.collectivememoryis.com\/index.php\/en\/so-they-said\/","title":{"rendered":"So they said."},"content":{"rendered":"\t\t<div data-elementor-type=\"wp-page\" data-elementor-id=\"1108\" class=\"elementor elementor-1108\" data-elementor-post-type=\"page\">\n\t\t\t\t<div class=\"elementor-element elementor-element-618cd88 e-flex e-con-boxed e-con e-parent\" data-id=\"618cd88\" data-element_type=\"container\" data-e-type=\"container\">\n\t\t\t\t\t<div class=\"e-con-inner\">\n\t\t\t\t<div class=\"elementor-element elementor-element-0d1cd09 elementor-widget elementor-widget-spacer\" data-id=\"0d1cd09\" data-element_type=\"widget\" data-e-type=\"widget\" data-widget_type=\"spacer.default\">\n\t\t\t\t<div class=\"elementor-widget-container\">\n\t\t\t\t\t\t\t<div class=\"elementor-spacer\">\n\t\t\t<div class=\"elementor-spacer-inner\"><\/div>\n\t\t<\/div>\n\t\t\t\t\t\t<\/div>\n\t\t\t\t<\/div>\n\t\t<div class=\"elementor-element elementor-element-4459140 e-grid e-con-full e-con e-child\" data-id=\"4459140\" data-element_type=\"container\" data-e-type=\"container\">\n\t\t\t\t<div class=\"elementor-element elementor-element-9736307 elementor-widget elementor-widget-heading\" data-id=\"9736307\" data-element_type=\"widget\" data-e-type=\"widget\" data-widget_type=\"heading.default\">\n\t\t\t\t<div class=\"elementor-widget-container\">\n\t\t\t\t\t<h2 class=\"elementor-heading-title elementor-size-default\">So they said.<\/h2>\t\t\t\t<\/div>\n\t\t\t\t<\/div>\n\t\t\t\t<\/div>\n\t\t<div class=\"elementor-element elementor-element-eaa11a3 e-grid e-con-full e-con e-child\" data-id=\"eaa11a3\" data-element_type=\"container\" data-e-type=\"container\">\n\t\t\t\t<div class=\"elementor-element elementor-element-d87684f elementor-widget__width-initial elementor-widget elementor-widget-text-editor\" data-id=\"d87684f\" data-element_type=\"widget\" data-e-type=\"widget\" data-widget_type=\"text-editor.default\">\n\t\t\t\t<div class=\"elementor-widget-container\">\n\t\t\t\t\t\t\t\t\t<p><span style=\"text-decoration: underline;\">11. 3. 2026 18:00<\/span><\/p>\n<p><u>H40, Hall 40 \u2013 space of The Chemistry Gallery<br><\/u>Bubensk\u00e9 n\u00e1b\u0159e\u017e\u00ed 306\/13, Prague 7<u><br><\/u><\/p>\n<div>\n<p>On Wednesday, March 11 at 18:00, Ukrainian artists <strong>Darja Lukjanenko<\/strong> and <strong>Anna Solianyk<\/strong> will present a performance focused on a shared past, ways of activating collective memory, and female archetypes in traditional beliefs of Ukrainian agrarian communities.<\/p>\n<p><strong>Yevshan Zillya<\/strong> is a performative archeology series of Darja Lukjanenko exploring the nomadic shared past and possible ways to activate collective memory. Inspired by the legend from ancient Ukrainian historiography about the child of a Polovtsy Khan, who was separated from his family and raised in Kyiv, so that he forgot his origins. Neither the sound of Polovtsy&#8217;s song nor his mother tongue reminded him of his roots. But once he smelled a mythical herb called Yevshan Zillya, his memory came back. For Ukrainians, it holds hope to restore the lost heritage after centuries of repression and wars.<\/p>\n<p><strong>Blood and poison dripped onto the bread that \u201cgroaned like a human\u201d, for it is sacred<\/strong> project explores female archetypes in traditional Ukrainian culture: the shaman, the witch, the midwife, the fortune-teller, the healer. Anna Solianyk documents and reconstructs in her practice these layers of identity based on my family stories, memories, and rituals. The performance focuses on the living, though marginalized, layers of heritage that have survived despite industrialization and Russification. These figures change with us, shaping new visions of femininity, strength, and knowledge.<\/p><p><span style=\"letter-spacing: 0px; font-size: 1rem; font-weight: bolder;\">Darja Lukjanenko<\/span><span style=\"letter-spacing: 0px; font-size: 1rem;\">&nbsp;<\/span><span style=\"letter-spacing: 0px; font-size: 1rem;\">(born 1994, Dnipro, Ukraine) is an interdisciplinary artist working across text, performance, and gardening. Her practice explores the postcolonial condition in regions affected by Soviet imperialism, with a focus on Ukraine, alongside themes of migration, identity, and collective memory. Her work is grounded in research, post-artistic strategies, and empathy-driven methods.<\/span><\/p><p><span style=\"letter-spacing: 0px; font-size: 1rem;\">In her work,&nbsp;<\/span><span style=\"letter-spacing: 0px; font-size: 1rem; font-weight: bolder;\">Anna Solianyk<\/span><span style=\"letter-spacing: 0px; font-size: 1rem;\">&nbsp;focuses on the interconnection between personal and collective memory, drawing inspiration from family history, traditions, and rituals. Through their exploration, she outlines how these elements endure, transform, and respond to contemporary challenges in today\u2019s context. Her practice often combines various media, including installation, video, and performance. Through her work, she raises questions of identity and the relationship between past and present.<\/span><\/p><p><span style=\"letter-spacing: 0px; font-size: 1rem;\">The program&nbsp; is a part of the public program of the <\/span><span style=\"letter-spacing: 0px; font-size: 1rem; text-decoration-line: underline;\"><a style=\"color: rgb(105, 86, 52);\" href=\"https:\/\/www.collectivememoryis.com\/index.php\/en\/exhibitions\/collective-memory-is-everything-i-dont-remember-cz\/\">Collective memory is everything I don&#8217;t remember: Memories that are not our own<\/a><\/span><span style=\"letter-spacing: 0px; font-size: 1rem;\"> exhibition.<\/span><\/p><p><span style=\"font-size: 1rem; letter-spacing: 0px;\">Admission voluntary<\/span><\/p>\n<\/div>\t\t\t\t\t\t\t\t<\/div>\n\t\t\t\t<\/div>\n\t\t\t\t<div class=\"elementor-element elementor-element-d9165c1 elementor-widget elementor-widget-image\" data-id=\"d9165c1\" data-element_type=\"widget\" data-e-type=\"widget\" data-widget_type=\"image.default\">\n\t\t\t\t<div class=\"elementor-widget-container\">\n\t\t\t\t\t\t\t\t\t\t\t\t\t\t\t<img fetchpriority=\"high\" decoding=\"async\" width=\"800\" height=\"1000\" src=\"https:\/\/www.collectivememoryis.com\/wp-content\/uploads\/2026\/03\/doprovodny-program_11_3-819x1024.jpg\" class=\"attachment-large size-large wp-image-1110\" alt=\"\" srcset=\"https:\/\/www.collectivememoryis.com\/wp-content\/uploads\/2026\/03\/doprovodny-program_11_3-819x1024.jpg 819w, https:\/\/www.collectivememoryis.com\/wp-content\/uploads\/2026\/03\/doprovodny-program_11_3-240x300.jpg 240w, https:\/\/www.collectivememoryis.com\/wp-content\/uploads\/2026\/03\/doprovodny-program_11_3-768x960.jpg 768w, https:\/\/www.collectivememoryis.com\/wp-content\/uploads\/2026\/03\/doprovodny-program_11_3-1229x1536.jpg 1229w, https:\/\/www.collectivememoryis.com\/wp-content\/uploads\/2026\/03\/doprovodny-program_11_3-1638x2048.jpg 1638w, https:\/\/www.collectivememoryis.com\/wp-content\/uploads\/2026\/03\/doprovodny-program_11_3-scaled.jpg 2048w\" sizes=\"(max-width: 800px) 100vw, 800px\" \/>\t\t\t\t\t\t\t\t\t\t\t\t\t\t\t<\/div>\n\t\t\t\t<\/div>\n\t\t\t\t<\/div>\n\t\t<div class=\"elementor-element elementor-element-f4ed3da e-grid e-con-full e-con e-child\" data-id=\"f4ed3da\" data-element_type=\"container\" data-e-type=\"container\" data-settings=\"{&quot;background_background&quot;:&quot;classic&quot;}\">\n\t\t\t\t<div class=\"elementor-element elementor-element-f082326 elementor-widget elementor-widget-heading\" data-id=\"f082326\" data-element_type=\"widget\" data-e-type=\"widget\" data-widget_type=\"heading.default\">\n\t\t\t\t<div class=\"elementor-widget-container\">\n\t\t\t\t\t<h2 class=\"elementor-heading-title elementor-size-default\">public program of the exhibition \u2013 Collective memory is everything I don't remember: Memories that are not our own<\/h2>\t\t\t\t<\/div>\n\t\t\t\t<\/div>\n\t\t\t\t<\/div>\n\t\t\t\t\t<\/div>\n\t\t\t\t<\/div>\n\t\t<div class=\"elementor-element elementor-element-52bf2be e-flex e-con-boxed e-con e-parent\" data-id=\"52bf2be\" data-element_type=\"container\" data-e-type=\"container\">\n\t\t\t\t\t<div class=\"e-con-inner\">\n\t\t<div class=\"elementor-element elementor-element-d4677d9 e-con-full e-grid e-con e-child\" data-id=\"d4677d9\" data-element_type=\"container\" data-e-type=\"container\">\n\t\t\t\t<div class=\"elementor-element elementor-element-64cb52b elementor-widget elementor-widget-text-editor\" data-id=\"64cb52b\" data-element_type=\"widget\" data-e-type=\"widget\" data-widget_type=\"text-editor.default\">\n\t\t\t\t<div class=\"elementor-widget-container\">\n\t\t\t\t\t\t\t\t\t<p><strong>Short film evening<br \/><\/strong>films of Ieva Balode, Vika Eksta, Di\u0101na Tamane, Krista Vindberga<\/p><p><span style=\"text-decoration: underline;\">6. 3. 2026 18:00 at Ane\u017eka (Ane\u017esk\u00e1 12, Prague 1)<\/span><\/p><p><strong><br \/>Artist talk with Krista Vindberga<\/strong><\/p><p><span style=\"text-decoration: underline;\">7. 3. 2026 16:00<br \/><br \/><\/span><\/p><p><strong>So they said.<\/strong><br \/>performance of Darja Lukjanenko and Anna Solianyk<\/p><p><span style=\"text-decoration: underline;\">11. 3. 2026 18:00<br \/><\/span><\/p><p><span style=\"text-decoration: underline;\">\u00a0<\/span><\/p>\t\t\t\t\t\t\t\t<\/div>\n\t\t\t\t<\/div>\n\t\t\t\t<div class=\"elementor-element elementor-element-9d68a33 elementor-widget elementor-widget-text-editor\" data-id=\"9d68a33\" data-element_type=\"widget\" data-e-type=\"widget\" data-widget_type=\"text-editor.default\">\n\t\t\t\t<div class=\"elementor-widget-container\">\n\t\t\t\t\t\t\t\t\t<p><strong>Discussion with Czech and Slovak Vietnamese creators.<\/strong><\/p><p><u>20. 3. 2026 18:00<\/u><\/p><p><span style=\"font-size: 1rem;\"><br \/><a style=\"font-weight: bold; color: #695634;\" href=\"https:\/\/www.collectivememoryis.com\/index.php\/en\/movement-workshop\/\">Collective Memories in Exhibition<\/a><b><br \/><\/b><\/span><span style=\"font-size: 1rem;\">movement-based workshop led by <\/span><span style=\"font-size: 1rem;\">Orkun T\u00fcrkmen &amp; Barbora T\u00fcrkmen<\/span><\/p><p><u>25. 3. 2026 18:00<\/u><\/p><p><strong><br \/>Guided tours<\/strong><br \/><span style=\"font-size: 1rem;\">with the exhibition curator<\/span><\/p><p><span style=\"text-decoration-line: underline;\">18. 3. 2026 18:00<\/span><br \/><span style=\"text-decoration-line: underline;\">1. 4. 2026 18:00<\/span><\/p>\t\t\t\t\t\t\t\t<\/div>\n\t\t\t\t<\/div>\n\t\t\t\t<\/div>\n\t\t\t\t<div class=\"elementor-element elementor-element-d8ac5e1 elementor-widget elementor-widget-spacer\" data-id=\"d8ac5e1\" data-element_type=\"widget\" data-e-type=\"widget\" data-widget_type=\"spacer.default\">\n\t\t\t\t<div class=\"elementor-widget-container\">\n\t\t\t\t\t\t\t<div class=\"elementor-spacer\">\n\t\t\t<div class=\"elementor-spacer-inner\"><\/div>\n\t\t<\/div>\n\t\t\t\t\t\t<\/div>\n\t\t\t\t<\/div>\n\t\t\t\t\t<\/div>\n\t\t\t\t<\/div>\n\t\t\t\t<\/div>\n\t\t","protected":false},"excerpt":{"rendered":"<p>So they said. 11. 3. 2026 18:00 H40, Hall 40 \u2013 space of The Chemistry GalleryBubensk\u00e9 n\u00e1b\u0159e\u017e\u00ed 306\/13, Prague 7 On Wednesday, March 11 at 18:00, Ukrainian artists Darja Lukjanenko and Anna Solianyk will present a performance focused on a shared past, ways of activating collective memory, and female archetypes in traditional beliefs of Ukrainian [&hellip;]<\/p>\n","protected":false},"author":1,"featured_media":337,"parent":0,"menu_order":0,"comment_status":"closed","ping_status":"closed","template":"","meta":{"footnotes":""},"class_list":["post-1108","page","type-page","status-publish","has-post-thumbnail","hentry"],"_links":{"self":[{"href":"https:\/\/www.collectivememoryis.com\/index.php\/wp-json\/wp\/v2\/pages\/1108","targetHints":{"allow":["GET"]}}],"collection":[{"href":"https:\/\/www.collectivememoryis.com\/index.php\/wp-json\/wp\/v2\/pages"}],"about":[{"href":"https:\/\/www.collectivememoryis.com\/index.php\/wp-json\/wp\/v2\/types\/page"}],"author":[{"embeddable":true,"href":"https:\/\/www.collectivememoryis.com\/index.php\/wp-json\/wp\/v2\/users\/1"}],"replies":[{"embeddable":true,"href":"https:\/\/www.collectivememoryis.com\/index.php\/wp-json\/wp\/v2\/comments?post=1108"}],"version-history":[{"count":7,"href":"https:\/\/www.collectivememoryis.com\/index.php\/wp-json\/wp\/v2\/pages\/1108\/revisions"}],"predecessor-version":[{"id":1125,"href":"https:\/\/www.collectivememoryis.com\/index.php\/wp-json\/wp\/v2\/pages\/1108\/revisions\/1125"}],"wp:featuredmedia":[{"embeddable":true,"href":"https:\/\/www.collectivememoryis.com\/index.php\/wp-json\/wp\/v2\/media\/337"}],"wp:attachment":[{"href":"https:\/\/www.collectivememoryis.com\/index.php\/wp-json\/wp\/v2\/media?parent=1108"}],"curies":[{"name":"wp","href":"https:\/\/api.w.org\/{rel}","templated":true}]}}